x - 5. Let c be a(2). Let j(h) = -h**3 + 16*h**2 + 20*h - 40. Let v be j(c). Calculate the highest common factor of v and 1.
1
Let q(f) = 2*f**2 + 70*f + 247. Let c be q(-33). Calculate the highest common divisor of c and 4715.
115
Let d(u) = 27*u**3 + u. Let h be d(1). Let w(y) = -y**2 - 19*y + 19. Let r be w(-18). Let j = r - 33. Calculate the highest common divisor of h and j.
4
Suppose 10*k - 2 = 8. Suppose 51 = 4*f + 7. Calculate the greatest common factor of f and k.
1
Suppose -250 = -5*q - 2*j, -30*q = -28*q + 3*j - 111. Calculate the greatest common divisor of 12 and q.
12
Suppose 1 = 3*n + 3*u - 125, u + 1 = 0. Let m = n - -21. Calculate the highest common factor of m and 32.
32
Let p = -398 - -548. What is the greatest common factor of 225 and p?
75
Let c(j) = -j**2 - 13*j - 19. Let m be c(-11). Let u be 11 - 3 - 9/m. Let i be 1*(23 - -1) + 1. Calculate the greatest common divisor of u and i.
5
Suppose 0 = -47*u + 594 + 534. Calculate the greatest common divisor of u and 1272.
24
Suppose n - 10 = 6*n. Let l = n + 6. Let a(q) = -q**3 + 8*q**2 - 2*q - 1. Let c be a(l). Calculate the greatest common divisor of 5 and c.
5
Let f = -147 - -301. Suppose t + 3*t - 56 = 0. What is the greatest common factor of f and t?
14
Suppose 2*m - 233 - 487 = 0. What is the highest common divisor of m and 585?
45
Let l = 8072 - 16396. Let d be (-7)/(182/l) + 4/(-26). What is the highest common divisor of 40 and d?
40
Suppose -5*o = -2*p + 16, o + 3*o = -8. Suppose 8*k + 250 = p*k - 5*c, -3*k + 3*c = 162. Let x = -30 - k. Calculate the greatest common divisor of 2 and x.
2
Let p(s) = 220*s**3 - s**2 + s. Let x be p(1). Let a(u) = 20*u**2 + 14*u - 14. Let w be a(1). What is the highest common factor of x and w?
20
Suppose 5*w + 4*y = 120, 2*w + y - 35 = 2*y. Suppose -16*j = 29*j - 3250 - 3950. Calculate the greatest common factor of w and j.
20
Let a = 4165 + -2869. Calculate the greatest common factor of 81 and a.
81
Let h(m) = -33*m - 38. Let k be h(-6). Suppose k = 11*j - 3*j. Let a be (2/2)/((-2)/(-4)). Calculate the greatest common factor of a and j.
2
Let t = -11 + 11. Suppose t = -0*s + s + 5. Let d(y) = 2*y**2 - 6*y - 14. Let k be d(s). Calculate the highest common factor of 6 and k.
6
Let h = -231 + 256. What is the greatest common divisor of h and 125?
25
Let j(r) = r**2 + r. Let y be j(1). Let c(d) = 3*d**y + 5 + 2 + 44*d**3 - 4*d**2 - 43*d**3. Let s be c(0). Calculate the greatest common divisor of s and 14.
7
Let q = 27 + -21. Let z be (9/(-54) - (-13)/q) + 11. What is the highest common divisor of z and 91?
13
Suppose 4*c - 1 = 3*j + 8, 5*c = j + 14. Calculate the highest common divisor of 9 and j.
1
Suppose -p - 442 = -4*b, 4*p - 58 = -2*b + 154. Suppose -290 + b = -5*i. Suppose -3*k + i = -2*k. What is the greatest common factor of 90 and k?
18
Suppose 4*j - 189 = 4*c - c, 0 = -4*c + 20. Calculate the greatest common divisor of 6 and j.
3
Let q be 6/(3*(-6)/(-1716)). Calculate the greatest common factor of q and 132.
44
Suppose 16*f + 2006 = 182. Let x = -78 - f. What is the greatest common factor of x and 18?
18
Let y = -39 - 3. Let u = 57 + y. What is the highest common factor of u and 345?
15
Let r be 12/(-16)*-5 - 1/(-4). Suppose c - r = -0*c. Calculate the greatest common factor of 2 and c.
2
Let z(k) = -4*k. Let c be z(-1). Let b = 4 - c. Suppose b = 4*p - 4*r - 16, 0 = -3*p + p + 3*r + 6. What is the highest common divisor of p and 30?
6
Let n be (-7)/(-21) - 37*(-33)/9. Suppose 8*z + 2*g = 4*z + n, 2*z + 5*g - 76 = 0. Calculate the greatest common factor of z and 22.
11
Let v be (-1)/3 + 3 + 4/(-6). Suppose -v*m - 273 = -5*m. Let l be 26/4*(2 + 0). Calculate the greatest common factor of l and m.
13
Suppose 5*s - 11*s = -7*s. Let n be (4 + s)/(8/100). Calculate the greatest common factor of 10 and n.
10
Let z be (-1)/(-3) + (-48)/9. Let i be (10/2)/(6 + z). Suppose i*q - 53 = -2*t, -3*t - 6*q + 84 = -3*q. What is the highest common factor of t and 145?
29
Let r(x) = 2*x**3 - 43*x**2 + 22*x - 8. Let h be r(21). Calculate the highest common factor of 793 and h.
13
Suppose 4*a + 120 = 4*t - 88, -4*a + t - 214 = 0. Let u be (-1)/2 - a/12. Suppose u*r - 65 = -r. What is the highest common divisor of 52 and r?
13
Suppose 37*j = 508 + 1268. Calculate the highest common divisor of 912 and j.
48
Let y be (-18 - -5)/(-65) + (-378)/(-10). What is the greatest common factor of 703 and y?
19
Suppose -10*v + 20 = -6*v. Suppose -83 + 18 = -v*m. Let j(k) = k**3 + 9*k**2 - 14*k - 1. Let c be j(-10). Calculate the greatest common divisor of m and c.
13
Let s be 860/60 - (1/3 + -1). Suppose -527 = -s*l + 1123. Calculate the greatest common divisor of l and 10.
10
Let w(o) = o**3 + 13*o**2 - o - 12. Let i be w(-13). Suppose -44 = -3*b + i. Suppose 0*k + 30 = 2*k. Calculate the greatest common divisor of k and b.
15
Let k = 573 - 90. Calculate the greatest common divisor of k and 21.
21
Suppose 11*p - 2320 = 6*p + 5*g, 4*g = 2*p - 932. Calculate the highest common factor of 84 and p.
42
Suppose 2*a + 0*a - 44 = 0. Suppose q - 2*q = a. Let c = q + 44. Calculate the greatest common divisor of c and 176.
22
Let l(p) = -p**3 + 36*p**2 - 27*p - 96. Let m be l(35). Calculate the highest common factor of 23 and m.
23
Let r = -49 - -85. Let q(g) = 34*g - 268. Let v be q(8). What is the highest common factor of v and r?
4
Let j(v) = v**3 + 21 - 20*v**2 + 8*v - 5 + 8 + 0. Let q be j(18). Let g = 750 + q. What is the greatest common divisor of g and 30?
30
Let f be 4/3*45/(-2). Let j be 10/15 - 40/6. Let u = j - f. Calculate the highest common factor of 60 and u.
12
Let z = 6955 + -3791. Calculate the greatest common divisor of z and 28.
28
Let m(k) = -k - 2. Let d be m(6). Let w(h) = -3*h - 1. Let r be w(d). Calculate the highest common factor of r and 115.
23
Let g(b) = 9*b**2 + 58*b + 8. Let u be g(-12). What is the greatest common factor of u and 76?
76
Let b = 151 - 55. Suppose 4*f + 2 = 3*f, 4*w = 4*f + b. What is the greatest common factor of w and 11?
11
Let s be (-952)/(-20) + 10/25. What is the highest common divisor of s and 120?
24
Let h(i) = 7*i. Let t be h(1). Let p(s) = s - 7. Let q be p(8). Calculate the highest common factor of q and t.
1
Suppose 1158 = 13*g - 12. Calculate the greatest common factor of 126 and g.
18
Let m be (-9)/36 + 6/(-8). Let v be 12/(-4) - m - -26. Calculate the highest common divisor of 6 and v.
6
Let l be (-10 - -7) + 8 + -1. Suppose a - 3*r + 15 = -2*a, 2*r - l = -4*a. Let b be 21/(a - 39/(-30)). Calculate the greatest common divisor of 7 and b.
7
Let k be 4 + -9 - (-30 - 3). What is the greatest common factor of 8 and k?
4
Let r be ((-4)/(8/19))/((-1)/12). Calculate the highest common factor of r and 399.
57
Suppose -2*x + 15 = -g, 16*x - 3*g = 13*x + 24. What is the greatest common factor of x and 343?
7
Let v = -21 - -52. Let n = v - -1. Calculate the highest common factor of n and 128.
32
Let d(y) = -y**3 + 6*y**2 - 7*y + 18. Let k be d(5). Calculate the greatest common divisor of k and 2008.
8
Suppose 0 = 103*r - 96*r - 6384. What is the highest common divisor of r and 57?
57
Let r(y) = -2*y + 50. Let b be r(-14). Calculate the greatest common factor of b and 104.
26
Let f = -9 + 14. Suppose 168 = -2*c + f*c. Suppose -2*v - 3*v - 4*k + 20 = 0, 2*v = -k + 11. Calculate the greatest common factor of v and c.
8
Let y be 9*(-4)/(-6) - -1962. Calculate the greatest common divisor of y and 48.
48
Suppose 197 = 5*z + 3*x, -5*z = -8*z + 5*x + 125. What is the greatest common factor of z and 25?
5
Let c = 74 - 36. Let q(t) = -6*t - 155. Let o be q(-29). Calculate the highest common factor of o and c.
19
Suppose 4*m - 1125 + 113 = -4*l, -m = 5*l - 1249. Suppose 0 = -5*a + 21 - 1. Suppose a*x - 115 = l. What is the highest common divisor of x and 13?
13
Let f = 88 - 84. Suppose 0*o + 3 = o, -f*b = 4*o - 68. What is the greatest common factor of 35 and b?
7
Let p = 376 + -364. Let d = -8 - -5. Let q be -3 + 11*12 - d. What is the highest common divisor of p and q?
12
Suppose 191 = 3*a - 2*q - 106, -198 = -2*a + q. Let m = 115 - a. What is the highest common divisor of 32 and m?
16
Let o be 2/3 - 8890/(-30). Calculate the highest common factor of o and 22.
11
Let q(d) = -d**3 - d**2 + 11*d + 3. Let p be q(3). Suppose t + 2*t